{"id":12,"date":"2022-02-18T16:55:31","date_gmt":"2022-02-18T15:55:31","guid":{"rendered":"https:\/\/archimedes.umcs.pl\/test1\/?page_id=12"},"modified":"2024-01-17T09:03:58","modified_gmt":"2024-01-17T08:03:58","slug":"rejestracja","status":"publish","type":"page","link":"https:\/\/archimedes.umcs.pl\/pogotowie-zdalne\/rejestracja\/","title":{"rendered":"Rejestracja"},"content":{"rendered":"\n<p>Formularz rejestracyjny Pogotowie Przedmaturalne z Fizyki &#8211; forma zdalna.<\/p>\n\n\n\n<p><strong>Rejestracja rozpocznie si\u0119 w \u015brod\u0119 17 stycznia 2024 o godzinie 9.00.<\/strong><\/p>\n\n\n\n<blockquote class=\"wp-block-quote is-layout-flow wp-block-quote-is-layout-flow\">\n<p><strong>Uwaga!<\/strong><\/p>\n\n\n\n<p>Je\u015bli jeste\u015b zainteresowany <strong>form\u0105 stacjonarn\u0105<\/strong> Pogotowia Przedmaturalnego z Fizyki w Instytucie Fizyki UMCS w Lublinie <a href=\"https:\/\/archimedes.umcs.pl\/pogotowie-stacjonarne\/\">kliknij tutaj<\/a>. <\/p>\n<\/blockquote>\n\n\n\n<blockquote class=\"wp-block-quote is-layout-flow wp-block-quote-is-layout-flow\">\n<p><strong>Uwaga<\/strong>!<\/p>\n\n\n\n<p>Niekt\u00f3re skrzynki pocztowe traktuj\u0105 maile od nas jako spam i nie przyjmuj\u0105 niekt\u00f3rych wiadomo\u015bci. Nie trafiaj\u0105 one nawet do folderu spam tylko s\u0105 usuwane. Je\u015bli nie otrzymali\u015bcie od nas spodziewanej wiadomo\u015bci prosimy o kontakt mailowy.<\/p>\n<\/blockquote>\n\n\n\n<div class=\"wp-block-buttons is-content-justification-center is-layout-flex wp-container-core-buttons-is-layout-a89b3969 wp-block-buttons-is-layout-flex\">\n<div class=\"wp-block-button has-custom-width wp-block-button__width-50 is-style-fill\"><a class=\"wp-block-button__link has-background wp-element-button\" href=\"https:\/\/teams.microsoft.com\/registration\/StPbgCCbC0msSQNa8QOrKw,Wv3hxgyiaECjGd_DT7Wkvg,XLbmQC2OkUOYrDwxWam65g,bSFHoNQyB0Ch8t9PxEX5Xw,ettjt58yPUa7vuFZN3MwrQ,rbAKjj0nB0uNTU29O0uNIw?mode=read&amp;tenantId=80dbd34a-9b20-490b-ac49-035af103ab2b\" style=\"border-width:10px;border-radius:100px;background-color:#005b9f;padding-top:var(--wp--preset--spacing--40);padding-right:0;padding-bottom:var(--wp--preset--spacing--40);padding-left:0\" target=\"_blank\" rel=\"noreferrer noopener\">Rejestracja<\/a><\/div>\n<\/div>\n","protected":false},"excerpt":{"rendered":"<p>Formularz rejestracyjny Pogotowie Przedmaturalne z Fizyki &#8211; forma zdalna. Rejestracja rozpocznie si\u0119 w \u015brod\u0119 17 stycznia 2024 o godzinie 9.00. Uwaga! Je\u015bli jeste\u015b zainteresowany form\u0105 stacjonarn\u0105 Pogotowia Przedmaturalnego z Fizyki w Instytucie Fizyki UMCS w Lublinie kliknij tutaj. Uwaga! Niekt\u00f3re skrzynki pocztowe traktuj\u0105 maile od nas jako spam i nie przyjmuj\u0105 niekt\u00f3rych wiadomo\u015bci. Nie trafiaj\u0105 [&hellip;]<\/p>\n","protected":false},"author":1,"featured_media":0,"parent":0,"menu_order":0,"comment_status":"closed","ping_status":"closed","template":"","meta":{"footnotes":""},"class_list":["post-12","page","type-page","status-publish","hentry"],"_links":{"self":[{"href":"https:\/\/archimedes.umcs.pl\/pogotowie-zdalne\/wp-json\/wp\/v2\/pages\/12","targetHints":{"allow":["GET"]}}],"collection":[{"href":"https:\/\/archimedes.umcs.pl\/pogotowie-zdalne\/wp-json\/wp\/v2\/pages"}],"about":[{"href":"https:\/\/archimedes.umcs.pl\/pogotowie-zdalne\/wp-json\/wp\/v2\/types\/page"}],"author":[{"embeddable":true,"href":"https:\/\/archimedes.umcs.pl\/pogotowie-zdalne\/wp-json\/wp\/v2\/users\/1"}],"replies":[{"embeddable":true,"href":"https:\/\/archimedes.umcs.pl\/pogotowie-zdalne\/wp-json\/wp\/v2\/comments?post=12"}],"version-history":[{"count":27,"href":"https:\/\/archimedes.umcs.pl\/pogotowie-zdalne\/wp-json\/wp\/v2\/pages\/12\/revisions"}],"predecessor-version":[{"id":583,"href":"https:\/\/archimedes.umcs.pl\/pogotowie-zdalne\/wp-json\/wp\/v2\/pages\/12\/revisions\/583"}],"wp:attachment":[{"href":"https:\/\/archimedes.umcs.pl\/pogotowie-zdalne\/wp-json\/wp\/v2\/media?parent=12"}],"curies":[{"name":"wp","href":"https:\/\/api.w.org\/{rel}","templated":true}]}}