{"id":7,"date":"2022-02-18T16:44:43","date_gmt":"2022-02-18T15:44:43","guid":{"rendered":"https:\/\/archimedes.umcs.pl\/test1\/?page_id=7"},"modified":"2025-04-10T10:58:09","modified_gmt":"2025-04-10T08:58:09","slug":"regulamin","status":"publish","type":"page","link":"https:\/\/archimedes.umcs.pl\/rokprzedmatura-matematyka\/regulamin\/","title":{"rendered":"Regulamin"},"content":{"rendered":"\n<p><strong>Rok przed Matur\u0105 \u2013 Matematyka<\/strong><\/p>\n\n\n\n<p>\u00a7 1. Organizator<\/p>\n\n\n\n<ol class=\"wp-block-list\">\n<li>Konkurs \u201eRok przed Matur\u0105-Matematyka\u201d, zwany dalej Konkursem, jest organizowany przez Uniwersytet Marii Curie-Sk\u0142odowskiej z siedzib\u0105 w Lublinie, pl. Marii Curie-Sk\u0142odowskiej 5, 20-031 Lublin, dzia\u0142aj\u0105cy poprzez w\u0142asn\u0105 jednostk\u0119 organizacyjn\u0105, tj. Instytut Informatyki i Matematyki Wydzia\u0142u Matematyki, Fizyki i\u00a0Informatyki Uniwersytetu Marii Curie-Sk\u0142odowskiej w Lublinie, zwany dalej Organizatorem.<\/li>\n\n\n\n<li>Informacje o Konkursie, formularz zg\u0142oszeniowy oraz regulamin Konkursu znajduj\u0105 si\u0119 na&nbsp;stronie na stronie: <a href=\"https:\/\/archimedes.umcs.pl\/rokprzedmatura-matematyka\">https:\/\/archimedes.umcs.pl\/rokprzedmatura-matematyka<\/a>.<\/li>\n\n\n\n<li>Organizacj\u0119 i przebieg Konkursu nadzoruje Komisja Konkursowa, powo\u0142ana przez Dyrektora Instytutu Informatyki i Matematyki spo\u015br\u00f3d pracownik\u00f3w Instytutu.<\/li>\n\n\n\n<li>Osoba zg\u0142aszaj\u0105ca szko\u0142\u0119, kt\u00f3r\u0105 jest nauczyciel reprezentuj\u0105cy szko\u0142\u0119, przed zg\u0142oszeniem udzia\u0142u w Konkursie zobowi\u0105zany jest do zapoznania si\u0119 z&nbsp;niniejszym Regulaminem, okre\u015blaj\u0105cym zasady organizacji Konkursu.<\/li>\n<\/ol>\n\n\n\n<p>\u00a7 2. Cele Konkursu<\/p>\n\n\n\n<ol class=\"wp-block-list\">\n<li>Rozwijanie zainteresowa\u0144 matematyk\u0105 oraz stworzenie uczniom mo\u017cliwo\u015bci wykazania si\u0119 wiadomo\u015bciami i umiej\u0119tno\u015bciami z&nbsp;matematyki;<\/li>\n\n\n\n<li>Integracja \u015brodowiska m\u0142odych pasjonat\u00f3w matematyki oraz nauczycieli matematyki;<\/li>\n\n\n\n<li>Zapoznanie uczni\u00f3w z osi\u0105gni\u0119ciami naukowymi z zakresu matematyki oraz z tematyk\u0105 bada\u0144 prowadzonych na Wydziale Matematyki, Fizyki i&nbsp;Informatyki UMCS w Lublinie;<\/li>\n\n\n\n<li>Zapoznanie uczni\u00f3w z baz\u0105 naukow\u0105 i dydaktyczn\u0105 Wydzia\u0142u Matematyki, Fizyki i Informatyki UMCS w Lublinie;<\/li>\n\n\n\n<li>Zapoznanie uczni\u00f3w ze standardami wymaga\u0144 i formu\u0142\u0105 egzaminu maturalnego z matematyki;<\/li>\n\n\n\n<li>Doskonalenie umiej\u0119tno\u015bci nauczycieli w zakresie oceniania kryterialnego.<\/li>\n<\/ol>\n\n\n\n<p>\u00a7 3. Uczestnicy Konkursu<\/p>\n\n\n\n<ol class=\"wp-block-list\">\n<li>Konkurs ma charakter og\u00f3lnopolski.<\/li>\n\n\n\n<li>Uczestnikami Konkursu mog\u0105 by\u0107 uczniowie szk\u00f3\u0142 ponadpodstawowych niezdaj\u0105cy matury w roku organizacji Konkursu (uczniowie II lub III klasy liceum czteroletniego oraz III&nbsp; lub &nbsp;IV klasy technikum pi\u0119cioletniego) ze szk\u00f3\u0142 zg\u0142oszonych do Konkursu.<\/li>\n\n\n\n<li>Zg\u0142oszenia szko\u0142y do Konkursu dokonuje nauczyciel reprezentuj\u0105cy szko\u0142\u0119.<\/li>\n\n\n\n<li>Zg\u0142oszenie szko\u0142y do Konkursu nale\u017cy dokona\u0107 drog\u0105 elektroniczn\u0105 poprzez wype\u0142nienie formularza rejestracyjnego na stronie internetowej Konkursu.<\/li>\n\n\n\n<li>Zg\u0142oszenie i uczestnictwo w Konkursie jest bezp\u0142atne i dobrowolne.<\/li>\n<\/ol>\n\n\n\n<p>\u00a7 4. Przebieg Konkursu<\/p>\n\n\n\n<ol class=\"wp-block-list\">\n<li>Konkurs odbywa si\u0119 w dw\u00f3ch etapach:<ol style=\"list-style-type:lower-alpha\"><li>Etap I \u2013 w szko\u0142ach;<\/li><li>Etap II \u2013 na Wydziale Matematyki, Fizyki i Informatyki UMCS w Lublinie<\/li><\/ol><\/li>\n\n\n\n<li>Arkusze zada\u0144 konkursowych obydwu etap\u00f3w maj\u0105 form\u0119 zbli\u017con\u0105 do arkusza maturalnego i&nbsp;zawieraj\u0105 zadania r\u00f3\u017cnego typu: zadania zamkni\u0119te typu prawda \u2013 fa\u0142sz, zadania zamkni\u0119te wielokrotnego wyboru oraz zadania otwarte rozszerzonej odpowiedzi.<\/li>\n\n\n\n<li>Czas przewidziany na rozwi\u0105zanie arkusza I etapu to 90 minut, II etapu \u2013 150 minut.<\/li>\n\n\n\n<li>Zakres wymaga\u0144:<ol style=\"list-style-type:lower-alpha\"><li>Etap I:<\/li><\/ol><ul><li>zbiory liczbowe, dzia\u0142ania na zbiorach; <\/li><li>liczby rzeczywiste \u2013 podstawowe dzia\u0142ania na liczbach rzeczywistych, w tym pot\u0119gi i&nbsp;pierwiastki, logarytmy, r\u00f3wnania, nier\u00f3wno\u015bci, warto\u015b\u0107 bezwzgl\u0119dna;<\/li><li>elementy teorii liczb: cechy podzielno\u015bci, NWD, NWW; <\/li><li>funkcje i ich w\u0142asno\u015bci (dziedzina, przeciwdziedzina, miejsca zerowe, r\u00f3\u017cnowarto\u015bciowo\u015b\u0107, monotoniczno\u015b\u0107, okresowo\u015b\u0107, parzysto\u015b\u0107, przekszta\u0142cenia wykres\u00f3w funkcji); <\/li><li>wykresy i w\u0142asno\u015bci funkcji: liniowej, kwadratowej, wielomian\u00f3w, funkcji homograficznej, funkcji trygonometrycznych;<\/li><li>uk\u0142ady r\u00f3wna\u0144 liniowych z dwiema niewiadomymi; <\/li><li>geometria p\u0142aska \u2013 tr\u00f3jk\u0105ty, czworok\u0105ty, ko\u0142a i okr\u0119gi, w tym okr\u0119gi wpisane i opisane na tr\u00f3jk\u0105cie i czworok\u0105cie, twierdzenie sinus\u00f3w i cosinus\u00f3w; <\/li><li>r\u00f3wnania i nier\u00f3wno\u015bci liniowe, kwadratowe, wielomianowe, wymierne, w tym r\u00f3wnie\u017c z warto\u015bci\u0105 bezwzgl\u0119dn\u0105 i&nbsp;z&nbsp;parametrem; <\/li><li>ci\u0105gi liczbowe (ci\u0105g arytmetyczny, geometryczny, szereg geometryczny, granice ci\u0105g\u00f3w); <\/li><li>geometria analityczna; <\/li><li>elementy kombinatoryki, dwumian Newtona, tr\u00f3jk\u0105t Pascala.&gt;<\/li><\/ul><ol style=\"list-style-type:lower-alpha\" start=\"2\"><li>Etap II: zakres dla etapu I oraz:<\/li><\/ol><ul><li>elementy analizy matematycznej, rachunek pochodnych w tym zadania optymalizacyjne. <\/li><\/ul>\n<ol class=\"wp-block-list\">\n<li><\/li>\n<\/ol>\n<\/li>\n\n\n\n<li>Arkusz zada\u0144 konkursowych etapu I wraz z rozwi\u0105zaniami i kryteriami oceniania zostaje udost\u0119pniony nauczycielom reprezentuj\u0105cym zg\u0142oszone do Konkursu szko\u0142y drog\u0105 elektroniczn\u0105.<\/li>\n\n\n\n<li>Rozwi\u0105zania uczestnik\u00f3w I etapu sprawdzaj\u0105 i oceniaj\u0105, na podstawie przes\u0142anych przez Organizatora kryteri\u00f3w, nauczyciele matematyki &nbsp;w szko\u0142ach zg\u0142oszonych do Konkursu.<\/li>\n\n\n\n<li>Nauczyciele sporz\u0105dzaj\u0105 w swoich szko\u0142ach listy rankingowe i zg\u0142aszaj\u0105 najlepszych uczni\u00f3w, kt\u00f3rzy przekroczyli minimalny pr\u00f3g punktowy wype\u0142niaj\u0105c formularz zg\u0142oszeniowy na stronie internetowej Konkursu.<\/li>\n\n\n\n<li>Do II etapu Konkursu przechodzi 2 uczni\u00f3w z najwy\u017csz\u0105 punktacj\u0105 w danej szkole. Pozostali uczniowie zg\u0142oszeni ze szko\u0142y stanowi\u0105 list\u0119 rezerwow\u0105.<\/li>\n\n\n\n<li>Uczniowie z listy rezerwowej s\u0105 zakwalifikowywani do II etapu na podstawie liczby punkt\u00f3w zdobytych w I etapie Konkursu, do wyczerpania limitu miejsc przewidzianych przez Organizatora. Ostateczna lista uczni\u00f3w zakwalifikowanych do II etapu zostaje podana po zweryfikowaniu list zg\u0142oszonych przez szko\u0142y.<\/li>\n\n\n\n<li>Organizator zastrzega sobie prawo do zmian kryteri\u00f3w kwalifikacji do II etapu w&nbsp;zale\u017cno\u015bci od&nbsp;liczby zg\u0142osze\u0144.<\/li>\n\n\n\n<li>Prace uczestnik\u00f3w II etapu Konkursu s\u0105 sprawdzane i oceniane przez pracownik\u00f3w Instytutu Informatyki i Matematyki UMCS oraz nauczycieli szk\u00f3\u0142 ponadpodstawowych zaproszonych przez Komisj\u0119 Konkursow\u0105.<\/li>\n<\/ol>\n\n\n\n<p>\u00a7 5. Wyniki i nagrody<\/p>\n\n\n\n<ol class=\"wp-block-list\">\n<li>Na podstawie wynik\u00f3w II etapu Konkursu, Komisja Konkursowa sporz\u0105dza list\u0119 rankingow\u0105.<\/li>\n\n\n\n<li>Finalistami Konkursu zostaje 15 najlepszych uczni\u00f3w z listy rankingowej.<\/li>\n\n\n\n<li>Najlepsi uczniowie z listy rankingowej oraz ich nauczyciele otrzymuj\u0105 dyplomy i nagrody rzeczowe. O ich liczbie decyduje Komisja Konkursowa.<\/li>\n\n\n\n<li>Laureaci Konkursu (3 pierwsze miejsca z listy rankingowej) otrzymuj\u0105 <strong>z\u0142oty indeks <\/strong>uprawniaj\u0105cy do przyj\u0119cia na studia, na jednym z kierunk\u00f3w prowadzonym na Wydziale Matematyki, Fizyki i&nbsp;Informatyki UMCS w Lublinie, o ile Uczelnia b\u0119dzie prowadzi\u0107 kszta\u0142cenie: <ul><li>fizyka, <\/li><li>fizyka techniczna, <\/li><li>informatyka, <\/li><li>in\u017cynieria nowoczesnych materia\u0142\u00f3w, <\/li><li>matematyka, <\/li><li>matematyka w finansach, <\/li><li>nauczanie fizyki i informatyki, <\/li><li>nauczanie matematyki i informatyki, <\/li><li>bezpiecze\u0144stwo radiacyjne, <\/li><li>in\u017cynieria druku 3D,<\/li><li>technical physics (studia prowadzone w j\u0119zyku angielskim)<\/li><\/ul><\/li>\n\n\n\n<li>Pozostali finali\u015bci Konkursu (12 os\u00f3b) otrzymuj\u0105 <strong>srebrne indeksy<\/strong>, kt\u00f3re pozwalaj\u0105 im wybra\u0107 studia na jednym z poni\u017cszych kierunk\u00f3w: <ul><li>matematyka, <\/li><li>matematyka w finansach,<\/li><li>nauczanie matematyki i informatyki.<\/li><\/ul><\/li>\n\n\n\n<li>Laureaci i finali\u015bci Konkursu s\u0105 przyjmowani na w\/w kierunki (zgodnie ze zdobytymi uprawnieniami) w roku uzyskania \u015bwiadectwa maturalnego, po dope\u0142nieniu wszystkich formalno\u015bci administracyjnych zwi\u0105zanych z rekrutacj\u0105, nie p\u00f3\u017aniej ni\u017c dwa lata od zako\u0144czenia uczestnictwa w danej edycji Konkursu.<\/li>\n\n\n\n<li>Organizator zastrzega sobie prawo do nieuruchomienia kszta\u0142cenia na danym kierunku. W&nbsp;powy\u017cszym przypadku organizator mo\u017ce zaproponowa\u0107 inny kierunek z wymienionych w&nbsp;ust.4.<\/li>\n\n\n\n<li>Wyniki II etapu podane przez Organizatora s\u0105 ostateczne i nie podlegaj\u0105 weryfikacji.<\/li>\n<\/ol>\n\n\n\n<p>\u00a7 6. Informacje ko\u0144cowe<\/p>\n\n\n\n<ol class=\"wp-block-list\">\n<li>W przypadku utrudnie\u0144 zwi\u0105zanych z sytuacj\u0105 epidemiologiczn\u0105 lub inn\u0105, regulamin Konkursu w cz\u0119\u015bci dotycz\u0105cej II\u00a0etapu, mo\u017ce ulec zmianie. O wszelkich zmianach uczestnicy Konkursu b\u0119d\u0105 informowani na bie\u017c\u0105co.<\/li>\n\n\n\n<li>Kontakt z organizatorami odbywa si\u0119 za po\u015brednictwem poczty elektronicznej: <a href=\"mailto:archimedes-mat@mail.umcs.pl\">archimedes-mat@mail.umcs.pl<\/a>.<\/li>\n\n\n\n<li>Harmonogram organizacji Konkursu:<ul><li>termin zg\u0142aszania szk\u00f3\u0142 do Konkursu;<\/li><li>termin organizacji I etapu Konkursu;<\/li><li>termin wysy\u0142ania list rankingowych ze szk\u00f3\u0142 do Organizatora;<\/li><li>termin og\u0142oszenia listy uczni\u00f3w zakwalifikowanych do II etapu Konkursu;<\/li><li>termin organizacji II etapu Konkursu;<\/li><\/ul>\npodawany jest corocznie na stronie internetowej Konkursu.<\/li>\n<\/ol>\n\n\n\n<p>\u00a7 7. Informacje prawne<\/p>\n\n\n\n<ol class=\"wp-block-list\">\n<li>Administratorem danych jest Uniwersytet Marii Curie-Sk\u0142odowskiej (UMCS), z siedzib\u0105 w Lublinie, przy Pl. Marii Curie-Sk\u0142odowskiej 5, 20-031 Lublin. Dane osobowe (zgodnie z formularzem zg\u0142oszeniowym) podawane s\u0105 dobrowolnie, niemniej bez ich podania nie jest mo\u017cliwy udzia\u0142 w&nbsp;Konkursie. Zbierane s\u0105 one przez UMCS wy\u0142\u0105cznie w celu ich przetwarzania w okresie realizacji Konkursu, b\u0119d\u0105 przetwarzane na podstawie:\n<ul class=\"wp-block-list\">\n<li>art. 6 ust. 1 lit. c RODO \u2013 przetwarzanie jest niezb\u0119dne do wype\u0142nienia obowi\u0105zku prawnego ci\u0105\u017c\u0105cego na administratorze (ustawa Prawo o szkolnictwie wy\u017cszym i nauce, rozporz\u0105dzenia wykonawcze do ustawy, a tak\u017ce przepisy prawa rachunkowego i podatkowego);<\/li>\n\n\n\n<li>art. 6 ust. 1 lit. e RODO \u2013 przetwarzanie jest niezb\u0119dne do wykonania zadania realizowanego w interesie publicznym, w zakresie niezb\u0119dnym do zapewnienia rozwoju nauki i&nbsp;innowacyjno\u015bci gospodarki;<\/li>\n\n\n\n<li>art. 6 ust. 1 lit. f RODO \u2013 przetwarzanie jest niezb\u0119dne do cel\u00f3w wynikaj\u0105cych z prawnie uzasadnionych interes\u00f3w realizowanych przez administratora.<br><br>Ponadto, je\u017celi b\u0119dzie mia\u0142o to zastosowanie wskazane we wniosku dane osobowe mog\u0105 by\u0107 przetwarzane na podstawie art. 6 ust. 1 lit. a RODO, tj. na podstawie wyra\u017conej przez Pa\u0144stwo zgody na przetwarzanie.<br>Dane nie b\u0119d\u0105 podlega\u0142y dalszemu przetwarzaniu, ani poddawane profilowaniu, nie b\u0119d\u0105 r\u00f3wnie\u017c w oparciu o nie podejmowane decyzje w spos\u00f3b zautomatyzowany. Dane nie b\u0119d\u0105 udost\u0119pniane odbiorcom zewn\u0119trznym, w tym do pa\u0144stw trzecich i organizacji mi\u0119dzynarodowych. Administrator danych osobowych powo\u0142a\u0142 osob\u0119 nadzoruj\u0105c\u0105 prawid\u0142owo\u015b\u0107 przetwarzania danych osobowych, z&nbsp;kt\u00f3r\u0105 mo\u017cna skontaktowa\u0107 si\u0119 pod adresem <a href=\"mailto:iod@mail.umcs.pl\">iod@mail.umcs.pl<\/a>.<br>Przys\u0142uguje Pa\u0144stwu prawo do: \n<ul class=\"wp-block-list\">\n<li>dost\u0119pu do danych oraz otrzymania ich kopii;<\/li>\n\n\n\n<li>sprostowania (poprawiania) swoich danych osobowych;<\/li>\n\n\n\n<li>ograniczenia przetwarzania danych osobowych;<\/li>\n\n\n\n<li>usuni\u0119cia danych osobowych (z zastrze\u017ceniem art. 17 ust. 3 RODO);<\/li>\n\n\n\n<li>cofni\u0119cia zgody na przetwarzanie danych, je\u017celi zosta\u0142a wyra\u017cona;<\/li>\n\n\n\n<li>wniesienia skargi do Prezesa Urz\u0119du Ochrony Danych, je\u017celi uznaj\u0105 Pa\u0144stwo, \u017ce przetwarzanie danych osobowych narusza przepisy prawa w zakresie ochrony danych osobowych.<\/li>\n<\/ul>\n<\/li>\n\n\n\n<li>Zgod\u0119 wyra\u017con\u0105 na podstawie art. 6 ust. 1 lit. a RODO mo\u017cna wycofa\u0107 w ka\u017cdym czasie, przy czym wycofanie zgody nie wp\u0142ywa na zgodno\u015b\u0107 z prawem przetwarzania, kt\u00f3rego dokonano na podstawie zgody przed jej wycofaniem.<\/li>\n<\/ul>\n<\/li>\n\n\n\n<li>Przyst\u0119puj\u0105c do Konkursu Uczestnik wyra\u017ca r\u00f3wnie\u017c zgod\u0119 na podawanie do publicznej wiadomo\u015bci swoich danych w zwi\u0105zku z udzia\u0142em w ww. Konkursie, we wszelkich og\u0142oszeniach, zapowiedziach i informacjach o tym Konkursie i jego wynikach.<\/li>\n\n\n\n<li>Uczestnik, kt\u00f3ry nie spe\u0142ni warunk\u00f3w okre\u015blonych w Regulaminie traci prawo do udzia\u0142u w&nbsp;Konkursie oraz ewentualnej nagrody.<\/li>\n\n\n\n<li>Organizator nie ponosi odpowiedzialno\u015bci za podanie nieprawdziwych danych lub danych osoby trzeciej przez Uczestnik\u00f3w Konkursu.<\/li>\n\n\n\n<li>Odwo\u0142ania dotycz\u0105ce Konkursu powinny by\u0107 kierowane przez Uczestnik\u00f3w w formie elektronicznej, w ci\u0105gu 7 dni od dnia zako\u0144czenia Konkursu. Zg\u0142aszane odwo\u0142anie powinno zawiera\u0107 co najmniej: imi\u0119, nazwisko i dane kontaktowe Uczestnika oraz podstawy odwo\u0142ania.<\/li>\n\n\n\n<li>Odwo\u0142ania Uczestnik\u00f3w rozpatruje Komisja Konkursowa do ko\u0144ca czerwca w\u0142a\u015bciwego roku.<\/li>\n\n\n\n<li>Niniejszy Regulamin jest dost\u0119pny na stronie internetowej Organizatora wraz ze szczeg\u00f3\u0142owymi informacjami dotycz\u0105cymi kolejnych edycji Konkursu.<\/li>\n\n\n\n<li>Organizator nie zwraca koszt\u00f3w dojazdu na Konkurs.<\/li>\n\n\n\n<li>Organizator Konkursu zastrzega sobie prawo interpretacji regulaminu.<\/li>\n<\/ol>\n\n\n\n<p>\u00a7 8. Podstawa prawna Konkursu<\/p>\n\n\n\n<ol class=\"wp-block-list\">\n<li>Ustawa o systemie o\u015bwiaty z dnia 7 wrze\u015bnia 1991 r. (Dz. U. 2020 poz.1327);<\/li>\n\n\n\n<li>Rozporz\u0105dzenie Ministra Edukacji Narodowej i Sportu z dnia 29 stycznia 2002 w sprawie organizacji oraz sposobu przeprowadzania konkurs\u00f3w, turniej\u00f3w i olimpiad (Dz.U. 2020 poz. 1036).<\/li>\n\n\n\n<li>Powy\u017cszy regulamin wchodzi w \u017cycie 1 lutego 2024 roku.<\/li>\n<\/ol>\n\n\n\n<div data-wp-interactive=\"core\/file\" class=\"wp-block-file\"><object data-wp-bind--hidden=\"!state.hasPdfPreview\" hidden class=\"wp-block-file__embed\" data=\"https:\/\/archimedes.umcs.pl\/rokprzedmatura-matematyka\/wp-content\/uploads\/sites\/9\/2024\/01\/Regulamin-Konkursu-Rok-przed-Matura-Matematyka-12.06.2023.pdf\" type=\"application\/pdf\" style=\"width:100%;height:600px\" aria-label=\"Osadzone z Regulamin-Konkursu-Rok-przed-Matura-Matematyka-12.06.2023.\"><\/object><a id=\"wp-block-file--media-e7af15e1-af7f-48f2-881e-00ccb79c853f\" href=\"https:\/\/archimedes.umcs.pl\/rokprzedmatura-matematyka\/wp-content\/uploads\/sites\/9\/2024\/01\/Regulamin-Konkursu-Rok-przed-Matura-Matematyka-12.06.2023.pdf\">Regulamin-Konkursu-Rok-przed-Matura-Matematyka-12.06.2023<\/a><a href=\"https:\/\/archimedes.umcs.pl\/rokprzedmatura-matematyka\/wp-content\/uploads\/sites\/9\/2024\/01\/Regulamin-Konkursu-Rok-przed-Matura-Matematyka-12.06.2023.pdf\" class=\"wp-block-file__button wp-element-button\" download aria-describedby=\"wp-block-file--media-e7af15e1-af7f-48f2-881e-00ccb79c853f\">Pobierz<\/a><\/div>\n","protected":false},"excerpt":{"rendered":"<p>Rok przed Matur\u0105 \u2013 Matematyka \u00a7 1. Organizator \u00a7 2. Cele Konkursu \u00a7 3. Uczestnicy Konkursu \u00a7 4. Przebieg Konkursu \u00a7 5. Wyniki i nagrody \u00a7 6. Informacje ko\u0144cowe \u00a7 7. Informacje prawne \u00a7 8. Podstawa prawna Konkursu<\/p>\n","protected":false},"author":1,"featured_media":0,"parent":0,"menu_order":0,"comment_status":"closed","ping_status":"closed","template":"","meta":{"footnotes":""},"class_list":["post-7","page","type-page","status-publish","hentry"],"_links":{"self":[{"href":"https:\/\/archimedes.umcs.pl\/rokprzedmatura-matematyka\/wp-json\/wp\/v2\/pages\/7","targetHints":{"allow":["GET"]}}],"collection":[{"href":"https:\/\/archimedes.umcs.pl\/rokprzedmatura-matematyka\/wp-json\/wp\/v2\/pages"}],"about":[{"href":"https:\/\/archimedes.umcs.pl\/rokprzedmatura-matematyka\/wp-json\/wp\/v2\/types\/page"}],"author":[{"embeddable":true,"href":"https:\/\/archimedes.umcs.pl\/rokprzedmatura-matematyka\/wp-json\/wp\/v2\/users\/1"}],"replies":[{"embeddable":true,"href":"https:\/\/archimedes.umcs.pl\/rokprzedmatura-matematyka\/wp-json\/wp\/v2\/comments?post=7"}],"version-history":[{"count":21,"href":"https:\/\/archimedes.umcs.pl\/rokprzedmatura-matematyka\/wp-json\/wp\/v2\/pages\/7\/revisions"}],"predecessor-version":[{"id":266,"href":"https:\/\/archimedes.umcs.pl\/rokprzedmatura-matematyka\/wp-json\/wp\/v2\/pages\/7\/revisions\/266"}],"wp:attachment":[{"href":"https:\/\/archimedes.umcs.pl\/rokprzedmatura-matematyka\/wp-json\/wp\/v2\/media?parent=7"}],"curies":[{"name":"wp","href":"https:\/\/api.w.org\/{rel}","templated":true}]}}