{"id":151,"date":"2022-02-25T14:44:17","date_gmt":"2022-02-25T13:44:17","guid":{"rendered":"https:\/\/archimedes.umcs.pl\/spotkania\/?page_id=151"},"modified":"2024-03-20T11:24:59","modified_gmt":"2024-03-20T10:24:59","slug":"spotkania-z-fizyka-i-matematyka","status":"publish","type":"page","link":"https:\/\/archimedes.umcs.pl\/spotkania\/","title":{"rendered":"Spotkania z Fizyk\u0105 i Matematyk\u0105"},"content":{"rendered":"\n<p><\/p>\n\n\n\n<p><strong><em>Spotkania z Fizyk\u0105 i Matematyk\u0105<\/em> <\/strong> to jedna z form popularyzacji nauki, maj\u0105ca na celu przybli\u017cenie pasjonatom nauk \u015bcis\u0142ych, uczniom, nauczycielom, studentom, a tak\u017ce wszystkim zainteresowanym, ciekawych zagadnie\u0144 i aktualnych problem\u00f3w nurtuj\u0105cych matematyk\u00f3w i fizyk\u00f3w. Wyk\u0142ady prowadz\u0105 do\u015bwiadczeni nauczyciele akademiccy, kt\u00f3rzy w spos\u00f3b przyst\u0119pny i zrozumia\u0142y dla ka\u017cdego wyja\u015bniaj\u0105 wybrane zagadnienia. Wyk\u0142ady s\u0105 uzupe\u0142nione atrakcyjnymi do\u015bwiadczeniami oraz<br>materia\u0142ami multimedialnymi.<\/p>\n\n\n\n<p>W obecnej edycji s\u0142uchacze b\u0119d\u0105 mogli uczestniczy\u0107 w czterech popularnonaukowych wyk\u0142adach: dw\u00f3ch z zakresu matematyki oraz dw\u00f3ch z zakresu fizyki. Wyk\u0142ady b\u0119d\u0105 mia\u0142y formu\u0142\u0119 zdaln\u0105. <\/p>\n\n\n\n<p>Do uczestnictwa w wyk\u0142adach nie jest wymagana wcze\u015bniejsza rejestracja.<\/p>\n\n\n\n<div class=\"wp-block-buttons is-content-justification-center is-layout-flex wp-container-core-buttons-is-layout-a89b3969 wp-block-buttons-is-layout-flex\">\n<div class=\"wp-block-button\"><a class=\"wp-block-button__link has-background wp-element-button\" href=\"https:\/\/teams.microsoft.com\/l\/meetup-join\/19%3ameeting_OWRmYTM5MTYtNTdjZC00MzAzLWFmMjEtMDkzMDJjNTc4Zjc4%40thread.v2\/0?context=%7b%22Tid%22%3a%2280dbd34a-9b20-490b-ac49-035af103ab2b%22%2c%22Oid%22%3a%22693d27c7-56ba-42eb-a2c6-344e7e58fb0f%22%7d\" style=\"background-color:#005b9f\" target=\"_blank\" rel=\"noreferrer noopener\">Link do najbli\u017cszego wyk\u0142adu <br>\u201eDlaczego i po co \u017c\u00f3\u0142ta plamka w naszym oku jest \u017c\u00f3\u0142ta?\u201d <br>na platformie MS Teams <\/a><\/div>\n<\/div>\n\n\n\n<h2 class=\"wp-block-heading\">Edycja Wiosna 2024:<\/h2>\n\n\n\n<figure class=\"wp-block-table alignwide is-style-stripes\"><table><tbody><tr><td><\/td><td class=\"has-text-align-center\" data-align=\"center\"><\/td><td><strong>Matematyka<\/strong><\/td><\/tr><tr><td>4 marca 2024<br>poniedzia\u0142ek<\/td><td class=\"has-text-align-center\" data-align=\"center\">godzina 17.00<br>aula D332<br>&amp; online<\/td><td>dr hab. Witold Mozgawa<br>Instytut Matematyki UMCS w Lublinie<br><a href=\"https:\/\/archimedes.umcs.pl\/spotkania\/twierdzenie-ponceleta-o-zamknieciu\/\">Twierdzenie Ponceleta o zamkni\u0119ciu<\/a><br><a href=\"https:\/\/archimedes.umcs.pl\/spotkania\/procesy-galazkowe-i-modelowanie-rozwoju-komorek-nowotworowych\/\" data-type=\"URL\" data-id=\"https:\/\/archimedes.umcs.pl\/spotkania\/Proce\"><\/a><\/td><\/tr><tr><td>11 marca 2024<br>poniedzia\u0142ek<\/td><td class=\"has-text-align-center\" data-align=\"center\">godzina 17.00<br>aula D332<br>&amp; online<\/td><td>dr Jerzy Mycka<br>Instytut Matematyki UMCS w Lublinie<br><a href=\"https:\/\/archimedes.umcs.pl\/spotkania\/twierdzenia-godla-najwazniejsze-osiagniecie-wspolczesnej-matematyki-czy-nieistotna-ekstrawagancja\/\" data-type=\"link\" data-id=\"https:\/\/archimedes.umcs.pl\/spotkania\/tw\">Twierdzenia G\u00f6dla: najwa\u017cniejsze osi\u0105gni\u0119cie wsp\u00f3\u0142czesnej matematyki czy nieistotna ekstrawagancja?<\/a><\/td><\/tr><tr><td><\/td><td class=\"has-text-align-center\" data-align=\"center\"><\/td><td><\/td><\/tr><tr><td><\/td><td class=\"has-text-align-center\" data-align=\"center\"><\/td><td><strong>Fizyka<\/strong><\/td><\/tr><tr><td>18 marca 2024<br>poniedzia\u0142ek<\/td><td class=\"has-text-align-center\" data-align=\"center\">godzina 17.00<br>Aula Fizyki &amp; online&nbsp;<\/td><td>dr hab. Rados\u0142aw Zaleski, prof. UMCS<br>Instytut Fizyki UMCS w Lublinie<br><a href=\"https:\/\/archimedes.umcs.pl\/spotkania\/energetyka-jadrowa\/\">Energetyka j\u0105drowa<\/a><\/td><\/tr><tr><td>25 marca 2024<br>poniedzia\u0142ek<\/td><td class=\"has-text-align-center\" data-align=\"center\">godzina 17.00 <br>Aula Fizyki &amp; online&nbsp;<\/td><td>prof. dr hab.Wies\u0142aw Gruszecki<br>Instytut Fizyki UMCS w Lublinie<br><a href=\"https:\/\/archimedes.umcs.pl\/spotkania\/dlaczego-i-po-co-zolta-plamka-w-naszym-oku-jest-zolta\/\">Dlaczego i po co \u017c\u00f3\u0142ta plamka w naszym oku jest \u017c\u00f3\u0142ta?<\/a><\/td><\/tr><\/tbody><\/table><\/figure>\n\n\n\n<h2 class=\"wp-block-heading\">Edycja Jesie\u0144 2023:<\/h2>\n\n\n\n<figure class=\"wp-block-table alignwide is-style-stripes\"><table><tbody><tr><td><\/td><td class=\"has-text-align-center\" data-align=\"center\"><\/td><td><strong>Matematyka<\/strong><\/td><\/tr><tr><td>9 pa\u017adziernika 2023<br>poniedzia\u0142ek<\/td><td class=\"has-text-align-center\" data-align=\"center\">godzina 17.00<br>ONLINE<\/td><td>dr Jerzy Mycka<br>Instytut Matematyki UMCS w Lublinie<br><a href=\"https:\/\/archimedes.umcs.pl\/spotkania\/dialog-o-pierwiastku-z-dwoch-i-niemych-liczbach\/\" data-type=\"post\" data-id=\"298\"><strong>Dialog o pierwiastku z dw\u00f3ch i niemych liczbach<\/strong><\/a><\/td><\/tr><tr><td>16 pa\u017adziernika 2023<br>poniedzia\u0142ek<\/td><td class=\"has-text-align-center\" data-align=\"center\">godzina 17.00<br>ONLINE<\/td><td>dr Tomasz Walczy\u0144ski<br>Instytut Matematyki UMCS w Lublinie<br><a href=\"https:\/\/archimedes.umcs.pl\/spotkania\/od-sredniej-arytmetycznej-do-sredniej-potegowej-oraz-metoda-k-srednich-w-uczeniu-maszynowym\/\" data-type=\"post\" data-id=\"300\"><strong>Od \u015bredniej arytmetycznej do \u015bredniej pot\u0119gowej oraz metoda k-\u015brednich w uczeniu maszynowym<\/strong><\/a><\/td><\/tr><tr><td><\/td><td class=\"has-text-align-center\" data-align=\"center\"><\/td><td><\/td><\/tr><tr><td><\/td><td class=\"has-text-align-center\" data-align=\"center\"><\/td><td><strong>Fizyka<\/strong><\/td><\/tr><tr><td>23 pa\u017adziernika 2023<br>poniedzia\u0142ek<\/td><td class=\"has-text-align-center\" data-align=\"center\">godzina 17.00<br>ONLINE<\/td><td>prof. dr hab. Mariusz Krawiec<br>Instytut Fizyki UMCS w Lublinie<br><a href=\"https:\/\/archimedes.umcs.pl\/spotkania\/flatlandia-czyli-kraina-materialow-dwuwymiarowych\/\" data-type=\"post\" data-id=\"302\"><strong>Flatlandia czyli kraina &#8230; materia\u0142\u00f3w dwuwymiarowych <\/strong><\/a><\/td><\/tr><tr><td>30 pa\u017adziernika 2023<br>poniedzia\u0142ek<\/td><td class=\"has-text-align-center\" data-align=\"center\">godzina 17.00<br>ONLINE<\/td><td>dr hab. Pawe\u0142 Mergo, prof. UMCS<br>Wydzia\u0142 Chemii UMCS w Lublinie<br><a href=\"https:\/\/archimedes.umcs.pl\/spotkania\/nagroda-nobla-z-fizyki-2023\/\" data-type=\"post\" data-id=\"304\">Dlaczego kr\u00f3tsze jest lepsze. \u015awiat kr\u00f3tkich impuls\u00f3w \u015bwiat\u0142a &#8211; Nagroda Nobla z Fizyki 2023<\/a><\/td><\/tr><\/tbody><\/table><\/figure>\n\n\n\n<h2 class=\"wp-block-heading\">Edycja Wiosna 2023:<\/h2>\n\n\n\n<figure class=\"wp-block-table alignwide is-style-stripes\"><table><tbody><tr><td><\/td><td class=\"has-text-align-center\" data-align=\"center\"><\/td><td><strong>Matematyka<\/strong><\/td><\/tr><tr><td>13 marca 2023<br>poniedzia\u0142ek<\/td><td class=\"has-text-align-center\" data-align=\"center\">godzina 17.00<br>ONLINE<\/td><td>dr Jerzy Mycka<br>Instytut Matematyki UMCS w Lublinie<br><strong><a href=\"https:\/\/archimedes.umcs.pl\/spotkania\/kilka-obrazkow-z-historii-calkowania-czyli-od-frasunku-do-rachunku\/\">Kilka obrazk\u00f3w z historii ca\u0142kowania \u2013 czyli od frasunku do rachunku<\/a><\/strong><\/td><\/tr><tr><td>20 marca 2022<br>poniedzia\u0142ek<\/td><td class=\"has-text-align-center\" data-align=\"center\">godzina 17.00<br>ONLINE<\/td><td>prof. dr hab. Jurij Kozicki <br>Instytut Matematyki UMCS w Lublinie<br><a href=\"https:\/\/archimedes.umcs.pl\/spotkania\/procesy-galazkowe-i-modelowanie-rozwoju-komorek-nowotworowych\/\" data-type=\"URL\" data-id=\"https:\/\/archimedes.umcs.pl\/spotkania\/Proce\"><strong>Procesy ga\u0142\u0105zkowe i modelowanie rozwoju kom\u00f3rek nowotworowych<\/strong><\/a><\/td><\/tr><tr><td><\/td><td class=\"has-text-align-center\" data-align=\"center\"><\/td><td><\/td><\/tr><tr><td><\/td><td class=\"has-text-align-center\" data-align=\"center\"><\/td><td><strong>Fizyka<\/strong><\/td><\/tr><tr><td>27 marca 2023<br>poniedzia\u0142ek<\/td><td class=\"has-text-align-center\" data-align=\"center\">godzina 17.00<br>ONLINE<\/td><td>dr Jerzy Kra\u015bkiewicz<br>Instytut Fizyki UMCS w Lublinie<br><strong><a href=\"https:\/\/archimedes.umcs.pl\/spotkania\/lhc-jak-badamy-czastki-elementarne\/\">LHC &#8211; jak badamy cz\u0105stki elementarne<\/a><\/strong><\/td><\/tr><tr><td>3 kwietnia 2022<br>poniedzia\u0142ek<\/td><td class=\"has-text-align-center\" data-align=\"center\">godzina 17.00<br>ONLINE<\/td><td>dr hab. Bo\u017cena Jasi\u0144ska, prof. UMCS<br>Instytut Fizyki UMCS w Lublinie<br><strong><a href=\"https:\/\/archimedes.umcs.pl\/spotkania\/promieniotworczosc-i-jej-zastosowania-czy-mamy-sie-czego-bac\/\">Promieniotw\u00f3rczo\u015b\u0107 i jej zastosowania. Czy mamy si\u0119 czego ba\u0107?<\/a><\/strong><\/td><\/tr><\/tbody><\/table><\/figure>\n\n\n\n<p>Spotkania z Fizyk\u0105 i Matematyk\u0105 s\u0105 kontynuacj\u0105 cyklu <strong><a href=\"http:\/\/www.fizyka.umcs.lublin.pl\/index.php\/o-instytucie-fizyki\/otwarty-instytut-menu\/spotkania-z-fizyka\">Spotka\u0144 z Fizyk\u0105<\/a> <\/strong>prowadzonych od ponad 30 lat w Instytucie Fizyki UMCS w Lublinie. <em>Spotkania<\/em> odbywa\u0142y si\u0119 corocznie w Instytucie Fizyki UMCS w formie stacjonarnej lub w ostatnio w formie zdalnej. <a href=\"https:\/\/archimedes.umcs.pl\/spotkania-2022\">Poprzedni cykl <\/a>spotka\u0144 mia\u0142 miejsce w 2022.<\/p>\n\n\n\n<p><\/p>\n","protected":false},"excerpt":{"rendered":"<p>Spotkania z Fizyk\u0105 i Matematyk\u0105 to jedna z form popularyzacji nauki, maj\u0105ca na celu przybli\u017cenie pasjonatom nauk \u015bcis\u0142ych, uczniom, nauczycielom, studentom, a tak\u017ce wszystkim zainteresowanym, ciekawych zagadnie\u0144 i aktualnych problem\u00f3w nurtuj\u0105cych matematyk\u00f3w i fizyk\u00f3w. Wyk\u0142ady prowadz\u0105 do\u015bwiadczeni nauczyciele akademiccy, kt\u00f3rzy w spos\u00f3b przyst\u0119pny i zrozumia\u0142y dla ka\u017cdego wyja\u015bniaj\u0105 wybrane zagadnienia. Wyk\u0142ady s\u0105 uzupe\u0142nione atrakcyjnymi do\u015bwiadczeniami [&hellip;]<\/p>\n","protected":false},"author":1,"featured_media":0,"parent":0,"menu_order":0,"comment_status":"closed","ping_status":"closed","template":"","meta":{"footnotes":""},"class_list":["post-151","page","type-page","status-publish","hentry"],"_links":{"self":[{"href":"https:\/\/archimedes.umcs.pl\/spotkania\/wp-json\/wp\/v2\/pages\/151","targetHints":{"allow":["GET"]}}],"collection":[{"href":"https:\/\/archimedes.umcs.pl\/spotkania\/wp-json\/wp\/v2\/pages"}],"about":[{"href":"https:\/\/archimedes.umcs.pl\/spotkania\/wp-json\/wp\/v2\/types\/page"}],"author":[{"embeddable":true,"href":"https:\/\/archimedes.umcs.pl\/spotkania\/wp-json\/wp\/v2\/users\/1"}],"replies":[{"embeddable":true,"href":"https:\/\/archimedes.umcs.pl\/spotkania\/wp-json\/wp\/v2\/comments?post=151"}],"version-history":[{"count":87,"href":"https:\/\/archimedes.umcs.pl\/spotkania\/wp-json\/wp\/v2\/pages\/151\/revisions"}],"predecessor-version":[{"id":517,"href":"https:\/\/archimedes.umcs.pl\/spotkania\/wp-json\/wp\/v2\/pages\/151\/revisions\/517"}],"wp:attachment":[{"href":"https:\/\/archimedes.umcs.pl\/spotkania\/wp-json\/wp\/v2\/media?parent=151"}],"curies":[{"name":"wp","href":"https:\/\/api.w.org\/{rel}","templated":true}]}}

Spotkania z Fizyką i Matematyką

<p></p>



<p><strong><em>Spotkania z Fizyką i Matematyką</em> </strong> to jedna z form popularyzacji nauki, mająca na celu przybliżenie pasjonatom nauk ścisłych, uczniom, nauczycielom, studentom, a także wszystkim zainteresowanym, ciekawych zagadnień i aktualnych problemów nurtujących matematyków i fizyków. Wykłady prowadzą doświadczeni nauczyciele akademiccy, którzy w sposób przystępny i zrozumiały dla każdego wyjaśniają wybrane zagadnienia. Wykłady są uzupełnione atrakcyjnymi doświadczeniami oraz<br>materiałami multimedialnymi.</p>



<p>W obecnej edycji słuchacze będą mogli uczestniczyć w czterech popularnonaukowych wykładach: dwóch z zakresu matematyki oraz dwóch z zakresu fizyki. Wykłady będą miały formułę zdalną. </p>



<p>Do uczestnictwa w wykładach nie jest wymagana wcześniejsza rejestracja.</p>



<div class="wp-block-buttons is-content-justification-center is-layout-flex wp-container-core-buttons-is-layout-a89b3969 wp-block-buttons-is-layout-flex">
<div class="wp-block-button"><a class="wp-block-button__link has-background wp-element-button" href="https://teams.microsoft.com/l/meetup-join/19%3ameeting_OWRmYTM5MTYtNTdjZC00MzAzLWFmMjEtMDkzMDJjNTc4Zjc4%40thread.v2/0?context=%7b%22Tid%22%3a%2280dbd34a-9b20-490b-ac49-035af103ab2b%22%2c%22Oid%22%3a%22693d27c7-56ba-42eb-a2c6-344e7e58fb0f%22%7d" style="background-color:#005b9f" target="_blank" rel="noreferrer noopener">Link do najbliższego wykładu <br>„Dlaczego i po co żółta plamka w naszym oku jest żółta?” <br>na platformie MS Teams </a></div>
</div>



<h2 class="wp-block-heading">Edycja Wiosna 2024:</h2>



<figure class="wp-block-table alignwide is-style-stripes"><table><tbody><tr><td></td><td class="has-text-align-center" data-align="center"></td><td><strong>Matematyka</strong></td></tr><tr><td>4 marca 2024<br>poniedziałek</td><td class="has-text-align-center" data-align="center">godzina 17.00<br>aula D332<br>&amp; online</td><td>dr hab. Witold Mozgawa<br>Instytut Matematyki UMCS w Lublinie<br><a href="https://archimedes.umcs.pl/spotkania/twierdzenie-ponceleta-o-zamknieciu/">Twierdzenie Ponceleta o zamknięciu</a><br><a href="https://archimedes.umcs.pl/spotkania/procesy-galazkowe-i-modelowanie-rozwoju-komorek-nowotworowych/" data-type="URL" data-id="https://archimedes.umcs.pl/spotkania/Proce"></a></td></tr><tr><td>11 marca 2024<br>poniedziałek</td><td class="has-text-align-center" data-align="center">godzina 17.00<br>aula D332<br>&amp; online</td><td>dr Jerzy Mycka<br>Instytut Matematyki UMCS w Lublinie<br><a href="https://archimedes.umcs.pl/spotkania/twierdzenia-godla-najwazniejsze-osiagniecie-wspolczesnej-matematyki-czy-nieistotna-ekstrawagancja/" data-type="link" data-id="https://archimedes.umcs.pl/spotkania/tw">Twierdzenia Gödla: najważniejsze osiągnięcie współczesnej matematyki czy nieistotna ekstrawagancja?</a></td></tr><tr><td></td><td class="has-text-align-center" data-align="center"></td><td></td></tr><tr><td></td><td class="has-text-align-center" data-align="center"></td><td><strong>Fizyka</strong></td></tr><tr><td>18 marca 2024<br>poniedziałek</td><td class="has-text-align-center" data-align="center">godzina 17.00<br>Aula Fizyki &amp; online&nbsp;</td><td>dr hab. Radosław Zaleski, prof. UMCS<br>Instytut Fizyki UMCS w Lublinie<br><a href="https://archimedes.umcs.pl/spotkania/energetyka-jadrowa/">Energetyka jądrowa</a></td></tr><tr><td>25 marca 2024<br>poniedziałek</td><td class="has-text-align-center" data-align="center">godzina 17.00 <br>Aula Fizyki &amp; online&nbsp;</td><td>prof. dr hab.Wiesław Gruszecki<br>Instytut Fizyki UMCS w Lublinie<br><a href="https://archimedes.umcs.pl/spotkania/dlaczego-i-po-co-zolta-plamka-w-naszym-oku-jest-zolta/">Dlaczego i po co żółta plamka w naszym oku jest żółta?</a></td></tr></tbody></table></figure>



<h2 class="wp-block-heading">Edycja Jesień 2023:</h2>



<figure class="wp-block-table alignwide is-style-stripes"><table><tbody><tr><td></td><td class="has-text-align-center" data-align="center"></td><td><strong>Matematyka</strong></td></tr><tr><td>9 października 2023<br>poniedziałek</td><td class="has-text-align-center" data-align="center">godzina 17.00<br>ONLINE</td><td>dr Jerzy Mycka<br>Instytut Matematyki UMCS w Lublinie<br><a href="https://archimedes.umcs.pl/spotkania/dialog-o-pierwiastku-z-dwoch-i-niemych-liczbach/" data-type="post" data-id="298"><strong>Dialog o pierwiastku z dwóch i niemych liczbach</strong></a></td></tr><tr><td>16 października 2023<br>poniedziałek</td><td class="has-text-align-center" data-align="center">godzina 17.00<br>ONLINE</td><td>dr Tomasz Walczyński<br>Instytut Matematyki UMCS w Lublinie<br><a href="https://archimedes.umcs.pl/spotkania/od-sredniej-arytmetycznej-do-sredniej-potegowej-oraz-metoda-k-srednich-w-uczeniu-maszynowym/" data-type="post" data-id="300"><strong>Od średniej arytmetycznej do średniej potęgowej oraz metoda k-średnich w uczeniu maszynowym</strong></a></td></tr><tr><td></td><td class="has-text-align-center" data-align="center"></td><td></td></tr><tr><td></td><td class="has-text-align-center" data-align="center"></td><td><strong>Fizyka</strong></td></tr><tr><td>23 października 2023<br>poniedziałek</td><td class="has-text-align-center" data-align="center">godzina 17.00<br>ONLINE</td><td>prof. dr hab. Mariusz Krawiec<br>Instytut Fizyki UMCS w Lublinie<br><a href="https://archimedes.umcs.pl/spotkania/flatlandia-czyli-kraina-materialow-dwuwymiarowych/" data-type="post" data-id="302"><strong>Flatlandia czyli kraina &#8230; materiałów dwuwymiarowych </strong></a></td></tr><tr><td>30 października 2023<br>poniedziałek</td><td class="has-text-align-center" data-align="center">godzina 17.00<br>ONLINE</td><td>dr hab. Paweł Mergo, prof. UMCS<br>Wydział Chemii UMCS w Lublinie<br><a href="https://archimedes.umcs.pl/spotkania/nagroda-nobla-z-fizyki-2023/" data-type="post" data-id="304">Dlaczego krótsze jest lepsze. Świat krótkich impulsów światła &#8211; Nagroda Nobla z Fizyki 2023</a></td></tr></tbody></table></figure>



<h2 class="wp-block-heading">Edycja Wiosna 2023:</h2>



<figure class="wp-block-table alignwide is-style-stripes"><table><tbody><tr><td></td><td class="has-text-align-center" data-align="center"></td><td><strong>Matematyka</strong></td></tr><tr><td>13 marca 2023<br>poniedziałek</td><td class="has-text-align-center" data-align="center">godzina 17.00<br>ONLINE</td><td>dr Jerzy Mycka<br>Instytut Matematyki UMCS w Lublinie<br><strong><a href="https://archimedes.umcs.pl/spotkania/kilka-obrazkow-z-historii-calkowania-czyli-od-frasunku-do-rachunku/">Kilka obrazków z historii całkowania – czyli od frasunku do rachunku</a></strong></td></tr><tr><td>20 marca 2022<br>poniedziałek</td><td class="has-text-align-center" data-align="center">godzina 17.00<br>ONLINE</td><td>prof. dr hab. Jurij Kozicki <br>Instytut Matematyki UMCS w Lublinie<br><a href="https://archimedes.umcs.pl/spotkania/procesy-galazkowe-i-modelowanie-rozwoju-komorek-nowotworowych/" data-type="URL" data-id="https://archimedes.umcs.pl/spotkania/Proce"><strong>Procesy gałązkowe i modelowanie rozwoju komórek nowotworowych</strong></a></td></tr><tr><td></td><td class="has-text-align-center" data-align="center"></td><td></td></tr><tr><td></td><td class="has-text-align-center" data-align="center"></td><td><strong>Fizyka</strong></td></tr><tr><td>27 marca 2023<br>poniedziałek</td><td class="has-text-align-center" data-align="center">godzina 17.00<br>ONLINE</td><td>dr Jerzy Kraśkiewicz<br>Instytut Fizyki UMCS w Lublinie<br><strong><a href="https://archimedes.umcs.pl/spotkania/lhc-jak-badamy-czastki-elementarne/">LHC &#8211; jak badamy cząstki elementarne</a></strong></td></tr><tr><td>3 kwietnia 2022<br>poniedziałek</td><td class="has-text-align-center" data-align="center">godzina 17.00<br>ONLINE</td><td>dr hab. Bożena Jasińska, prof. UMCS<br>Instytut Fizyki UMCS w Lublinie<br><strong><a href="https://archimedes.umcs.pl/spotkania/promieniotworczosc-i-jej-zastosowania-czy-mamy-sie-czego-bac/">Promieniotwórczość i jej zastosowania. Czy mamy się czego bać?</a></strong></td></tr></tbody></table></figure>



<p>Spotkania z Fizyką i Matematyką są kontynuacją cyklu <strong><a href="http://www.fizyka.umcs.lublin.pl/index.php/o-instytucie-fizyki/otwarty-instytut-menu/spotkania-z-fizyka">Spotkań z Fizyką</a> </strong>prowadzonych od ponad 30 lat w Instytucie Fizyki UMCS w Lublinie. <em>Spotkania</em> odbywały się corocznie w Instytucie Fizyki UMCS w formie stacjonarnej lub w ostatnio w formie zdalnej. <a href="https://archimedes.umcs.pl/spotkania-2022">Poprzedni cykl </a>spotkań miał miejsce w 2022.</p>



<p></p>

<p>Spotkania z Fizyką i Matematyką to jedna z form popularyzacji nauki, mająca na celu przybliżenie pasjonatom nauk ścisłych, uczniom, nauczycielom, studentom, a także wszystkim zainteresowanym, ciekawych zagadnień i aktualnych problemów nurtujących matematyków i fizyków. Wykłady prowadzą doświadczeni nauczyciele akademiccy, którzy w sposób przystępny i zrozumiały dla każdego wyjaśniają wybrane zagadnienia. Wykłady są uzupełnione atrakcyjnymi doświadczeniami [&hellip;]</p>
