{"id":9,"date":"2022-02-18T16:45:22","date_gmt":"2022-02-18T15:45:22","guid":{"rendered":"https:\/\/archimedes.umcs.pl\/test1\/?page_id=9"},"modified":"2022-02-28T12:37:48","modified_gmt":"2022-02-28T11:37:48","slug":"kontakt","status":"publish","type":"page","link":"https:\/\/archimedes.umcs.pl\/spotkania\/kontakt\/","title":{"rendered":"Kontakt"},"content":{"rendered":"\n<div style=\"height:27px\" aria-hidden=\"true\" class=\"wp-block-spacer\"><\/div>\n\n\n\n<p>Koordynatorzy Spotka\u0144 z Fizyk\u0105 i Matematyk\u0105:<\/p>\n\n\n\n<p><br><a href=\"https:\/\/www.umcs.pl\/pl\/addres-book-employee,1491,pl.html\">dr hab. Tomasz Kwapi\u0144ski, prof. UMCS<\/a><\/p>\n\n\n\n<p>e-mail: <a href=\"mailto:archimedes-fiz@mail.umcs.pl\">archimedes-fiz@mail.umcs.pl<\/a><\/p>\n\n\n\n<p>Instytut Fizyki<br>Uniwersytet Marii Curie-Sk\u0142odowskiej w Lublinie<br>pl. M. Curie-Sk\u0142odowskiej 1<br>20-031 Lublin <\/p>\n\n\n\n<hr class=\"wp-block-separator\"\/>\n\n\n\n<p><br><a href=\"https:\/\/www.umcs.pl\/pl\/addres-book-employee,761,pl.html\">dr Anna G\u0105sior<\/a><\/p>\n\n\n\n<p>e-mail: <a href=\"mailto:archimedes-mat@mail.umcs.pl\">archimedes-mat@mail.umcs.pl<\/a><\/p>\n\n\n\n<p>Instytut Matematyki<br>Uniwersytet Marii Curie-Sk\u0142odowskiej w Lublinie<br>pl. M. Curie-Sk\u0142odowskiej 1<br>20-031 Lublin<\/p>\n\n\n\n<div class=\"mapouter\"><div class=\"gmap_canvas\"><iframe loading=\"lazy\" id=\"gmap_canvas\" src=\"https:\/\/maps.google.com\/maps?q=umcs%20wydzia%C5%82%20mate&amp;t=&amp;z=17&amp;ie=UTF8&amp;iwloc=&amp;output=embed\" scrolling=\"no\" marginheight=\"0\" marginwidth=\"0\" width=\"600\" height=\"500\" frameborder=\"0\"><\/iframe><a href=\"https:\/\/putlocker-is.org\"><\/a><br><style>.mapouter{position:relative;text-align:right;height:500px;width:600px;}<\/style><a href=\"https:\/\/www.embedgooglemap.net\">google map on web site<\/a><style>.gmap_canvas {overflow:hidden;background:none!important;height:500px;width:600px;}<\/style><\/div><\/div>\n","protected":false},"excerpt":{"rendered":"<p>Koordynatorzy Spotka\u0144 z Fizyk\u0105 i Matematyk\u0105: dr hab. Tomasz Kwapi\u0144ski, prof. UMCS e-mail: archimedes-fiz@mail.umcs.pl Instytut FizykiUniwersytet Marii Curie-Sk\u0142odowskiej w Lubliniepl. M. Curie-Sk\u0142odowskiej 120-031 Lublin dr Anna G\u0105sior e-mail: archimedes-mat@mail.umcs.pl Instytut MatematykiUniwersytet Marii Curie-Sk\u0142odowskiej w Lubliniepl. M. Curie-Sk\u0142odowskiej 120-031 Lublin google map on web site<\/p>\n","protected":false},"author":1,"featured_media":0,"parent":0,"menu_order":0,"comment_status":"closed","ping_status":"closed","template":"","meta":{"footnotes":""},"class_list":["post-9","page","type-page","status-publish","hentry"],"_links":{"self":[{"href":"https:\/\/archimedes.umcs.pl\/spotkania\/wp-json\/wp\/v2\/pages\/9","targetHints":{"allow":["GET"]}}],"collection":[{"href":"https:\/\/archimedes.umcs.pl\/spotkania\/wp-json\/wp\/v2\/pages"}],"about":[{"href":"https:\/\/archimedes.umcs.pl\/spotkania\/wp-json\/wp\/v2\/types\/page"}],"author":[{"embeddable":true,"href":"https:\/\/archimedes.umcs.pl\/spotkania\/wp-json\/wp\/v2\/users\/1"}],"replies":[{"embeddable":true,"href":"https:\/\/archimedes.umcs.pl\/spotkania\/wp-json\/wp\/v2\/comments?post=9"}],"version-history":[{"count":20,"href":"https:\/\/archimedes.umcs.pl\/spotkania\/wp-json\/wp\/v2\/pages\/9\/revisions"}],"predecessor-version":[{"id":215,"href":"https:\/\/archimedes.umcs.pl\/spotkania\/wp-json\/wp\/v2\/pages\/9\/revisions\/215"}],"wp:attachment":[{"href":"https:\/\/archimedes.umcs.pl\/spotkania\/wp-json\/wp\/v2\/media?parent=9"}],"curies":[{"name":"wp","href":"https:\/\/api.w.org\/{rel}","templated":true}]}}

<div style="height:27px" aria-hidden="true" class="wp-block-spacer"></div>



<p>Koordynatorzy Spotkań z Fizyką i Matematyką:</p>



<p><br><a href="https://www.umcs.pl/pl/addres-book-employee,1491,pl.html">dr hab. Tomasz Kwapiński, prof. UMCS</a></p>



<p>e-mail: <a href="mailto:archimedes-fiz@mail.umcs.pl">archimedes-fiz@mail.umcs.pl</a></p>



<p>Instytut Fizyki<br>Uniwersytet Marii Curie-Skłodowskiej w Lublinie<br>pl. M. Curie-Skłodowskiej 1<br>20-031 Lublin </p>



<hr class="wp-block-separator"/>



<p><br><a href="https://www.umcs.pl/pl/addres-book-employee,761,pl.html">dr Anna Gąsior</a></p>



<p>e-mail: <a href="mailto:archimedes-mat@mail.umcs.pl">archimedes-mat@mail.umcs.pl</a></p>



<p>Instytut Matematyki<br>Uniwersytet Marii Curie-Skłodowskiej w Lublinie<br>pl. M. Curie-Skłodowskiej 1<br>20-031 Lublin</p>



<div class="mapouter"><div class="gmap_canvas"><iframe loading="lazy" id="gmap_canvas" src="https://maps.google.com/maps?q=umcs%20wydzia%C5%82%20mate&amp;t=&amp;z=17&amp;ie=UTF8&amp;iwloc=&amp;output=embed" scrolling="no" marginheight="0" marginwidth="0" width="600" height="500" frameborder="0"></iframe><a href="https://putlocker-is.org"></a><br><style>.mapouter{position:relative;text-align:right;height:500px;width:600px;}</style><a href="https://www.embedgooglemap.net">google map on web site</a><style>.gmap_canvas {overflow:hidden;background:none!important;height:500px;width:600px;}</style></div></div>

<p>Koordynatorzy Spotkań z Fizyką i Matematyką: dr hab. Tomasz Kwapiński, prof. UMCS e-mail: archimedes-fiz@mail.umcs.pl Instytut FizykiUniwersytet Marii Curie-Skłodowskiej w Lubliniepl. M. Curie-Skłodowskiej 120-031 Lublin dr Anna Gąsior e-mail: archimedes-mat@mail.umcs.pl Instytut MatematykiUniwersytet Marii Curie-Skłodowskiej w Lubliniepl. M. Curie-Skłodowskiej 120-031 Lublin google map on web site</p>
